culate the remainder when x is divided by 16.
11
Suppose 54*j = -74*j - 17*j + 7830. What is the remainder when (-958)/(-6) + (-2)/(-6) is divided by j?
52
Suppose -954*b + 320 = -944*b. What is the remainder when ((-3)/(-1) - -121) + 2 is divided by b?
30
Let i(o) = o**3 - 3*o**2 - 11*o. Let g be i(-2). Suppose g*u - 32 = -10. Suppose u*l = -l + 252. What is the remainder when 60 is divided by l?
18
Let a(g) = 36*g**2 + 149*g - 16. What is the remainder when 1163 is divided by a(-6)?
5
Suppose 13*v = 289 + 166. Calculate the remainder when v is divided by 174/14 - 80/(-140).
9
Suppose 0 = 4*c - 9*c + 2*v + 1, 2 = -2*c + 2*v. Let w(k) = 6*k - 4. Let h be w(c). Suppose 11 = h*d - 5. What is the remainder when 26 is divided by d?
2
Let w = 238 + -176. Suppose -w*x - 992 = -70*x. What is the remainder when x is divided by 6?
4
Let n(r) = 195*r + 1. Suppose -9671*l + 9667*l = w - 47, w + 7 = 2*l. Calculate the remainder when n(1) is divided by w.
9
Suppose 2*z - 4 = 6. Let v = 72 - 69. Suppose -4*l = 20, -2*l = v*f + 2 - 19. What is the remainder when f is divided by z?
4
Suppose t + 5*s = 770, t + 14*s + 2194 = 4*t. What is the remainder when t is divided by 189?
183
Suppose -14*k + 676 = -1074. Calculate the remainder when k is divided by 92.
33
Suppose 2924 = 23*t - 5337 - 2526. Calculate the remainder when 940 is divided by t.
2
Let g(i) = 141*i + 2406. What is the remainder when 21 is divided by g(-17)?
3
Suppose 2*w - 22*o = -23*o + 95, -2*w + 85 = 3*o. Calculate the remainder when 138 is divided by w.
38
Suppose 37*v - v = 5220. Calculate the remainder when v is divided by 49*(1 + -4)/(-3).
47
Let g be ((-3)/6)/((-12)/(-3360)). Let u = 169 + g. What is the remainder when 137 is divided by u?
21
Let i = 36995 - 36929. What is the remainder when 927 is divided by i?
3
Let n = -14801 - -15623. Calculate the remainder when n is divided by 82.
2
Suppose 39*i = 44*i - 50. Let n be (156/(-48))/(1 - 5/4). Suppose 0 = i*g - n*g + 63. Calculate the remainder when 81 is divided by g.
18
Suppose -n - 158 = -5*o, -188*n + 193*n = -3*o + 78. Calculate the remainder when 379 is divided by o.
7
Suppose 14 = 2*b, 573*s - 3*b - 1144 = 572*s. Calculate the remainder when s is divided by 167.
163
Suppose a - 87 = 5*t, -3*t + 5*a = t + 57. What is the remainder when 388 is divided by (-20 - t)/(-2 + 96/49)?
45
Suppose -3*t - 5*a + 96 = 0, 5*t - a - 197 = 3*a. Suppose -5*s + 7*q - 11*q = -52, 18 = 2*s + 3*q. Calculate the remainder when t is divided by s.
1
Suppose 2*y - 6*y + 5*f = 76, 4*y + 76 = 4*f. Let i = y - -34. Suppose 0 = v - 3*h - i, -4*v - v + 43 = h. What is the remainder when 33 is divided by v?
6
Let r(h) = 27*h**2 - 4*h + 17. Let m = 642 - 639. Calculate the remainder when r(m) is divided by 25.
23
Suppose 3*r - 531 - 123 = 0. Let i = 37 + r. Calculate the remainder when i is divided by 32.
31
Suppose 0 = -b + 6*b + 10, 0 = -3*t + 3*b + 54. Suppose -208 - 480 = -t*s. Let y(p) = 23*p. Calculate the remainder when s is divided by y(1).
20
Let d(m) = m**2 - 10*m + 9. Let l be d(9). Let y(h) = 44*h + 2 - 84*h + 37*h. Calculate the remainder when y(l) is divided by 2.
0
Suppose -103*f + 21407 = -11329 + 9355. What is the remainder when f is divided by 73?
8
Suppose -3*g + 921 = 3*s, 52 = 3*g - 4*s - 848. What is the remainder when 540 is divided by g?
236
Suppose -5*s - 5*q + 285 = 0, 2*q = s - 2*s + 63. Calculate the remainder when 290 is divided by s.
35
Suppose -8*q - 20*q + 1098 = -414. What is the remainder when 10365 is divided by q?
51
Let t(z) = -9*z + 11. Let q = 5434 + -5404. What is the remainder when t(-8) is divided by q?
23
What is the remainder when ((-1)/(-6))/((-85)/(-37740)) is divided by 41?
33
Suppose -45*d - 2880 = -26*d - 29*d. What is the remainder when 578 is divided by d?
2
Let d(x) = -577*x - 3447. Calculate the remainder when 19647 is divided by d(-6).
12
Suppose -18*z + 8117 + 8912 + 539 = 0. What is the remainder when z is divided by 98?
94
Let x(z) = -z**2 - 21*z + 42. Let m be (6 - 2)*(-104)/26. Calculate the remainder when x(m) is divided by 41.
40
Let w(f) = -24553*f + 20. Let o be w(2). What is the remainder when o/(-108)*(-8)/(-18) is divided by 3?
1
Let m be -3 + 281 + (-1 - (-3 - -1)). Let f = 298 - m. Calculate the remainder when 113 is divided by f.
18
Let n = 70 + -46. Let w be 2/((1 - -3)/(-8)). What is the remainder when (w/(-5))/(3/345) is divided by n?
20
Suppose 4 = -2*s, 5*u + 3*s - 1289 = -70. Let g = -237 + u. Suppose 0 = 2*m - 4*m + 10. What is the remainder when g is divided by m?
3
Let v be 23/7 - 2/7. Suppose -36 = -v*o + 3. Suppose 2*d - 4*m = 140, 4*m + 5 = -7. What is the remainder when d is divided by o?
12
Let u(a) = 2*a**3 - 58*a**2 + 22*a - 79. Calculate the remainder when 1123 is divided by u(29).
5
Let p(z) = 10*z**2 + 35*z + 17. What is the remainder when p(-13) is divided by 21?
13
Suppose -5*f + 4*f - f = 0. Suppose 0 = 4*q - 8, 3*q + 30 + f = 2*d. What is the remainder when 395 is divided by d?
17
Suppose -6*a + 273 = 261. Suppose 0 = -x + 2*h + h + 19, -a*x + 46 = -2*h. What is the remainder when 87 is divided by x?
12
Let t(b) = 2*b**2 - 60*b + 61. Let q be t(29). Suppose 5*f - 4*d = 640, 0 = q*f - 0*f - 5*d - 384. What is the remainder when f is divided by 44?
40
Let y(m) = 2*m + 78. Let q be y(-21). Suppose -25*o - 396 = -q*o. What is the remainder when o is divided by ((-1)/(-2) + -1)*-46?
13
What is the remainder when 27 is divided by (9/(-5))/(75/(-250))?
3
Suppose 12 + 40 = 4*w. Suppose -5*h + w - 18 = 0. Calculate the remainder when (h + 6)/(5/25) is divided by 9.
7
Suppose -3*k + 54 = 4*c - 130, -5*k + 4*c + 360 = 0. Calculate the remainder when 945 is divided by k.
61
Let m(h) = h**3 + 12*h**2 - 2*h - 24. Let x be m(-12). Suppose x = -118*n + 122*n - 4. What is the remainder when ((-28)/3)/(n*(-8)/12) is divided by 8?
6
Let l(a) = 2*a**2 + 20*a + 39. Suppose 3*p - s + 34 = 0, 4*s = 2*p - 0*s + 6. Calculate the remainder when l(p) is divided by 60/2 - 0/(-3).
27
Let z = 20226 - 20089. What is the remainder when 2327 is divided by z?
135
Calculate the remainder when 1033 is divided by (-1)/((-3444)/(-690) - 5).
113
Suppose -6966*w + 6949*w = -1938. Calculate the remainder when w is divided by 32.
18
Suppose 17*k - 13*k = 2096. Let y = k + -273. What is the remainder when y is divided by 51?
47
Let q be -4 - (-7 + 5) - -5*2. Suppose -w - 13*o = -q*o - 69, w - 66 = -4*o. What is the remainder when 157 is divided by w?
49
Calculate the remainder when 1899 is divided by (-81)/9 + 71 - -14.
75
Let b = -4639 - -4722. What is the remainder when b is divided by 2*((-408)/(-10) - (-4)/(-5))?
3
Let g = 15107 - 14743. Calculate the remainder when g is divided by 50.
14
Suppose 3*h = 8*a - 3*a + 340, -4*h - 3*a = -492. Let i = h - 96. Suppose 4*o = 8, o + 372 = 4*j + 3*o. Calculate the remainder when j is divided by i.
20
Let x(h) = 3*h**2 + 2*h - 2. Let r(q) = -274*q + 10695. Calculate the remainder when x(-3) is divided by r(39).
1
Let c be (-35)/(-28)*(-176)/(-2). Suppose 88 = 3*d - 4*b, -2*b - 10 = 3*d - c. What is the remainder when 1*-3*512/(-12) - 3 is divided by d?
29
Let j(r) = r**3 - 6*r**2 - r + 12. Let k be j(6). What is the remainder when 49 is divided by ((-6)/(-4))/(k/136) + -5?
20
Let j be (2/6)/((-3)/(-9)) - 39. Let k = j + 44. What is the remainder when k is divided by 2?
0
Let q = 4376 + -3534. What is the remainder when q is divided by 2?
0
Let m(b) = b**3 + 4*b**2 - 73*b - 19. Calculate the remainder when 64 is divided by m(7).
1
Let n(a) = a + 5. Let k be n(0). Let w(t) = 3*t - 3. Calculate the remainder when (-155)/(-8) + 36/(-384)*4 is divided by w(k).
7
Let t(s) = -3*s**2 - 40*s - 11. Let n be t(-13). Suppose n*q + 12 - 8 = 0, 5*g - 4*q = 5208. What is the remainder when (g/(-15))/((-3)/9) is divided by 35?
33
Suppose -5*q = -2*o + 620, -4*q + 2*o - 132 = -3*q. Let w = -76 - q. Calculate the remainder when 271 is divided by w.
41
Let l(o) = 2*o**2 + 30*o + 104. Calculate the remainder when (1044/(-15))/((-8)/20) is divided by l(-11).
14
Suppose 0*u - 7*u = -4564. Suppose -9*b + u = 229. Let c(r) = r**3 + 3*r**2 - 2*r + 4. What is the remainder when b is divided by c(-3)?
7
Let i = 735 + -723. Let a(y) = -y**2 + 14*y - 6. Suppose 5*h - 30 = 5. Calculate the remai